80413619 a composite number?
False
Is 4966126943 composite?
False
Is 103984288351 a composite number?
True
Is 138120849619 a prime number?
False
Is 1683391019 composite?
True
Is 454717589 prime?
False
Is 902077483 composite?
True
Is 10822614611 a composite number?
False
Is 226097497 composite?
False
Is 5877378467 composite?
True
Is 2565450583 prime?
False
Is 918640799 prime?
False
Is 36781186027 a composite number?
False
Is 7683251801 composite?
False
Is 10927185077 composite?
True
Is 285061783 composite?
True
Is 142547551 composite?
False
Is 100720379239 composite?
True
Is 1356273869 a prime number?
False
Is 12562425653 prime?
True
Is 49129520939 prime?
True
Is 118780219 a composite number?
True
Is 192612059 a composite number?
False
Is 36536873873 prime?
True
Is 920628259 a composite number?
True
Is 1792686341 composite?
False
Is 8497913189 prime?
False
Is 1178750453 prime?
False
Is 131414627 composite?
True
Is 3542899247 a composite number?
False
Is 30811623587 composite?
True
Is 166430627 a prime number?
False
Is 4228488493 composite?
True
Is 41847095491 composite?
False
Is 10864989007 prime?
False
Is 39775867993 a composite number?
False
Is 72562268039 composite?
True
Is 12526508383 a prime number?
True
Is 1664655749 a composite number?
True
Is 1944015919 a prime number?
False
Is 6661015171 prime?
False
Is 124127222533 a composite number?
True
Is 6163376533 a composite number?
True
Is 3125253205 prime?
False
Is 1181628835 a composite number?
True
Is 24839630119 composite?
False
Is 470164433 a prime number?
True
Is 292229713 prime?
True
Is 92341679957 a composite number?
True
Is 1873393321 a composite number?
False
Is 63138163757 prime?
True
Is 15518543 a composite number?
True
Is 10211969903 prime?
False
Is 1247616947 prime?
True
Is 629422699 a prime number?
False
Is 3081059249 composite?
False
Is 18204759719 a composite number?
True
Is 14400335269 prime?
False
Is 62835601991 prime?
False
Is 14540777969 a prime number?
True
Is 10196759 a composite number?
False
Is 866949389 a prime number?
False
Is 1807820017 a prime number?
False
Is 1646671773 a prime number?
False
Is 34126670063 prime?
False
Is 140942751 composite?
True
Is 6644886481 a prime number?
False
Is 654759317 composite?
True
Is 4424642039 prime?
True
Is 66128830393 composite?
True
Is 1033072977 prime?
False
Is 4340545499 a composite number?
False
Is 80480472239 a composite number?
True
Is 42417555401 composite?
True
Is 6552373567 a composite number?
False
Is 3892822519 prime?
False
Is 735721943 prime?
False
Is 1928431541 composite?
True
Is 1252104311 prime?
True
Is 1324710701 composite?
True
Is 107274598703 a prime number?
True
Is 596410867 prime?
False
Is 185621479 a composite number?
False
Is 10120880207 a prime number?
False
Is 89343893887 a composite number?
True
Is 1080885349 prime?
True
Is 6167021587 a composite number?
False
Is 84057745319 composite?
False
Is 119907065 composite?
True
Is 86227188139 prime?
True
Is 1647727649 a composite number?
False
Is 19583141021 a composite number?
False
Is 582071767 a prime number?
True
Is 210799279 a prime number?
True
Is 71344645 a composite number?
True
Is 4324908037 composite?
True
Is 347279347 a prime number?
True
Is 266628203 prime?
True
Is 4797678499 composite?
True
Is 14215256499 a prime number?
False
Is 97121137 prime?
True
Is 4702097261 prime?
True
Is 4608956569 a composite number?
True
Is 4796682437 prime?
True
Is 3687334489 composite?
True
Is 1502527121 composite?
False
Is 25569239087 a composite number?
True
Is 5692794649 a composite number?
True
Is 2583095455 prime?
False
Is 782506201 a composite number?
False
Is 167441219519 prime?
False
Is 123221341 a composite number?
False
Is 1060584337 a composite number?
False
Is 84558803 prime?
False
Is 40677479 a prime number?
False
Is 23093552557 a composite number?
False
Is 69067764427 prime?
False
Is 303090753629 a composite number?
True
Is 200595349 composite?
True
Is 10445663797 a composite number?
False
Is 1044852707 prime?
False
Is 7146855701 a composite number?
False
Is 12071155423 prime?
True
Is 653324149 composite?
True
Is 52647341077 prime?
True
Is 28031843137 composite?
False
Is 16810198051 a composite number?
False
Is 92264673641 a composite number?
True
Is 8490584783 a composite number?
True
Is 6623436811 a composite number?
False
Is 1619582669 prime?
False
Is 15845700001 a composite number?
False
Is 181422599 composite?
False
Is 51041348198 composite?
True
Is 5816125871 a prime number?
False
Is 12780646657 a composite number?
True
Is 158167094837 a composite number?
True
Is 642508051 composite?
False
Is 8303593189 prime?
False
Is 6501337 prime?
True
Is 6986055487 a prime number?
True
Is 43055753281 a prime number?
False
Is 62750780773 a composite number?
False
Is 4978942879 a composite number?
True
Is 14923153853 composite?
False
Is 4137108259 prime?
True
Is 44156346139 a prime number?
True
Is 64364863 prime?
False
Is 11976030421 a composite number?
False
Is 2532569341 composite?
False
Is 1296343903 composite?
True
Is 23546939431 a prime number?
True
Is 150271162831 a composite number?
False
Is 683847643 a composite number?
True
Is 298753237 a composite number?
False
Is 100295743373 a composite number?
True
Is 12143676637 a prime number?
True
Is 759296679 a prime number?
False
Is 12840975631 prime?
False
Is 4645529465 a composite number?
True
Is 115143689 a composite number?
True
Is 5124500327 composite?
True
Is 1189145491 composite?
True
Is 3730087253 a prime number?
False
Is 13853685997 composite?
False
Is 16907094497 a composite number?
False
Is 6728329939 a prime number?
True
Is 253959557 prime?
True
Is 3844881371 prime?
True
Is 4117328087 composite?
False
Is 410989547 prime?
False
Is 73460747 composite?
False
Is 198890297 a prime number?
True
Is 10384578181 prime?
False
Is 544945963 prime?
False
Is 25288792483 prime?
False
Is 709335503 composite?
False
Is 70544809213 prime?
False
Is 23930027273 a prime number?
False
Is 4046766439 a prime number?
False
Is 1547236309 prime?
True
Is 13782750239 composite?
True
Is 20686331891 a prime number?
True
Is 747137449 a composite number?
True
Is 5261689987 a composite number?
False
Is 13486510561 a prime number?
True
Is 5149066969 a prime number?
True
Is 115205081281 a prime number?
True
Is 5514118639 prime?
False
Is 12130819319 prime?
False
Is 1158407869 prime?
True
Is 1787723263 a prime number?
True
Is 4207551991 a composite number?
True
Is 1790428231 a composite number?
True
Is 11535796379 prime?
True
Is 98392464293 composite?
False
Is 1091797669 a prime number?
False
Is 2227476809 a prime number?
True
Is 3099244073 composite?
True
Is 5930986351 a prime number?
True
Is 2086664389 a prime number?
True
Is 18096110933 composite?
True
Is 1818058193 composite?
True
Is 29203415377 a prime number?
True
Is 33514530943 composite?
True
Is 2941295381 a prime number?
True
Is 5824132367 prime?
False
Is 21943689407 a composite number?
False
Is 10150026841 a composite number?
True
Is 3356644927 composite?
False
Is 45620433149 a prime number?
False
Is 1970290526 composite?
True
Is 287475659 a composite number?
False
Is 4239829183 composite?
True
Is 1792960751 a composite number?
False
Is 66917187149 prime?
False
Is 4338138866 a composite number?
True
Is 305319317 prime?
True
Is 836702674 a prime number?
False
Is 878079857 a composite number?
True
Is 1331086769 a composite number?
False
Is 82529656639 composite?
False
Is 23148409919 a prime number?
True
Is 431585123 a composite number?
True
Is 798000557 a prime number?
True
Is 2406311053 prime?
False
Is 3329560049 a prime number?
True
Is 2774317979 prime?
False
Is 336021200573 a composite number?
True
Is 185586735121 prime?
True
Is 20002691869 composite?
True
Is 1405352105 composite?
True
Is 111018667 a prime number?
True
Is 10926792787 a composite number?
True
Is 6244493173 a prime number?
True
Is 6494749351 composite?
True
Is 24157465289 a prime number?
True
Is 53282774653 a composite number?
True
Is 797815769 a composite number?
False
Is 10694162153 prime?
True
Is 6899447983 prime?
False
Is 14129991527 prime?
False
Is 473002553 a composite number?
False
Is 985089659 composite?
True
Is 71900206687 a composite number?
False
Is 471562177 a prime number?
False
Is 190789171 a prime 